 282*p + 2768. Calculate z(8).
0
Let x(v) = -v**3 - 116*v**2 - 323*v + 1034. Calculate x(-113).
-774
Let h(a) = 715*a - 3356. What is h(5)?
219
Let s(y) = 31*y + 3411. What is s(-100)?
311
Let u(r) = -234*r + 283. Give u(6).
-1121
Let v(q) = -1671*q - 4585. Calculate v(-3).
428
Let z(n) = 742*n**2 + 7420*n - 16. What is z(-10)?
-16
Let r(f) = 159644*f + 13410090. Determine r(-84).
-6
Let g(s) = -5*s**2 - 159*s - 759. What is g(-6)?
15
Let u(j) = 36*j**2 - 321*j - 115. What is u(8)?
-379
Let c(z) = -14663*z - 87924. Give c(-6).
54
Let r(j) = -7882*j - 3144910. Calculate r(-399).
8
Let v(n) = -11*n**2 - 409*n + 5568. Determine v(14).
-2314
Let f(v) = -71937*v + 215787. Determine f(3).
-24
Let l(b) = -10*b**2 + 3853*b + 235738. Give l(439).
-5
Let j(g) = 5*g**2 + 228*g - 1253. Determine j(-51).
124
Let h(j) = 715*j + 35746. Give h(-50).
-4
Let l(h) = 71*h**3 + 4*h**2 + 343*h - 344. Calculate l(1).
74
Let p(l) = 1098*l + 60388. What is p(-55)?
-2
Let s(x) = -6*x**3 + 766*x**2 + 237*x + 2474. Determine s(128).
42
Let r(c) = 10306*c - 1855065. Determine r(180).
15
Let m(x) = -50*x + 6580. What is m(131)?
30
Let h(y) = 2195332*y + 41711307. What is h(-19)?
-1
Let t(n) = 2*n**3 - 2*n**2 + 1460*n + 5815. Give t(-4).
-185
Let q(u) = -u**3 + 6814*u**2 + 27262*u - 27. Determine q(-4).
13
Let g(d) = -3951794*d + 86939464. Calculate g(22).
-4
Let x(g) = 76*g**2 - 25834*g - 2061. What is x(340)?
-21
Let s(u) = -41641*u + 9. Calculate s(0).
9
Let l(m) = -201*m - 24421. Determine l(-122).
101
Let a(r) = -48224*r - 8776767. Give a(-182).
1
Let z(y) = 13*y**3 - 1658*y**2 - 611*y - 20095. Give z(128).
1
Let y(p) = -p**2 - 1105*p - 17351. What is y(-16)?
73
Let a(q) = -82*q**2 + 263*q - 4. Give a(0).
-4
Let g(x) = -x**2 - 1874*x + 30245. Give g(16).
5
Let h(a) = -4*a**3 - 41*a**2 + 206*a + 2064. Determine h(-10).
-96
Let z(f) = -998*f - 214553. Determine z(-215).
17
Let n(c) = c**3 + 10*c**2 + 26*c - 61. Determine n(-5).
-66
Let q(j) = 1474056*j - 2948098. Calculate q(2).
14
Let j(s) = 100721*s - 402926. Determine j(4).
-42
Let i(b) = -b**3 + 470*b**2 - 11953*b - 556. What is i(27)?
-340
Let l(d) = -d**2 - 234*d + 65856. Give l(-399).
21
Let o(j) = 42*j**3 - 26676*j**2 + 3809*j + 633. Give o(635).
-2
Let x(f) = -f**2 - 111*f + 6. Determine x(0).
6
Let h(z) = -45*z**2 - 1197*z - 26. Give h(-27).
-512
Let r(o) = 5*o**3 - 76*o**2 + 32*o - 274. What is r(14)?
-1002
Let m(l) = -776*l**2 + 87689*l - 115. Determine m(113).
-2
Let q(u) = -u**3 + 8*u**2 + 105*u - 129. Give q(-9).
303
Let t(c) = 18*c**3 + 1041*c**2 - 162*c + 695. What is t(-58)?
-1
Let m(v) = -5*v**2 - 1028*v - 51889. Determine m(-89).
-2
Let t(y) = 2739*y - 712133. Give t(260).
7
Let s(m) = -5*m**3 + 18*m**2 + 99*m - 468. Give s(5).
-148
Let o(h) = -342783*h + 3427840. Calculate o(10).
10
Let k(g) = 61673*g - 1171747. Calculate k(19).
40
Let y(v) = 30*v**3 + 17*v**2 + 62*v - 80. What is y(1)?
29
Let i(g) = g**3 - 28*g**2 + 73*g - 584. Determine i(19).
-2446
Let m(v) = -65834*v + 526673. Give m(8).
1
Let c(s) = -s**2 - 384*s + 5076. Give c(13).
-85
Let a(b) = 4919*b + 14219. Determine a(-3).
-538
Let x(s) = -89916*s - 899179. Give x(-10).
-19
Let l(m) = -m**3 - 11*m**2 + 224*m + 2521. Give l(-15).
61
Let n(d) = -305920*d + 4588794. Calculate n(15).
-6
Let a(q) = -66487*q + 531896. What is a(8)?
0
Let c(z) = 3*z**2 + 959*z + 26943. Calculate c(-30).
873
Let p(t) = -2479*t**3 - 2*t**2 + 100*t - 100. Determine p(1).
-2481
Let h(f) = f**3 - 332*f**2 + 3843*f - 1. Calculate h(12).
35
Let v(z) = z**2 - 1137*z + 33088. Calculate v(30).
-122
Let c(o) = 2*o**3 - 12*o**2 - 72*o - 510. Calculate c(-8).
-1726
Let y(f) = 4*f**3 - 46*f**2 + 182*f - 2467. Give y(12).
5
Let u(q) = -39*q**3 - 359*q**2 - 42*q + 23. What is u(-9)?
-247
Let m(w) = -259*w**3 + 3*w**2 + 52*w - 111. Determine m(2).
-2067
Let j(h) = h**3 + 42*h**2 + 116*h - 1380. What is j(-38)?
-12
Let l(o) = 131*o + 10218. Determine l(-92).
-1834
Let t(i) = -i**3 + 15175*i**2 + 517106*i + 31. Calculate t(-34).
31
Let r(n) = -987*n - 1083. Give r(-1).
-96
Let l(k) = 99*k - 114536. Determine l(1157).
7
Let t(x) = 3*x**3 - 82*x**2 + 31*x - 211. What is t(27)?
-103
Let s(x) = -x**3 - 22*x**2 - 689*x - 10273. Give s(-16).
-785
Let x(c) = 7*c**3 + 3*c**2 + 34*c + 31. Determine x(-4).
-505
Let r(z) = -55*z**2 + 251*z - 708. What is r(8)?
-2220
Let k(r) = -1502*r + 153209. Determine k(102).
5
Let x(n) = 200*n + 6787. Give x(-33).
187
Let f(k) = -k**3 + 27*k**2 - 126*k + 168. What is f(18)?
816
Let a(k) = 6*k**3 + 459*k**2 - 265*k - 2552. Calculate a(-77).
66
Let g(z) = -2*z**3 + 213*z**2 - 1358*z + 156758. What is g(107)?
3
Let r(y) = 3093*y - 386616. What is r(125)?
9
Let t(j) = j**3 - 42*j**2 + 575*j - 12928. Calculate t(36).
-4
Let c(y) = y**3 + 24*y**2 - 573*y - 3963. What is c(-6)?
123
Let d(w) = -371077*w + 1484330. Calculate d(4).
22
Let o(b) = 1308*b + 43171. Determine o(-33).
7
Let h(a) = -2*a**2 + 2485*a + 115886. What is h(-45)?
11
Let i(h) = 827*h - 505302. Give i(611).
-5
Let d(c) = -44*c**3 + 22360*c**2 - 4066*c + 1012. Determine d(508).
-4
Let o(g) = -40766*g + 122237. Determine o(3).
-61
Let w(i) = i**2 + 91*i - 2066. What is w(-111)?
154
Let o(i) = 687905*i - 1375820. Give o(2).
-10
Let v(i) = 1461*i**2 - 37*i + 41. Calculate v(1).
1465
Let u(y) = -901*y**2 - 40522*y + 1032. Determine u(-45).
-3
Let o(s) = 2*s**3 + 26*s**2 - 185*s - 2202. Determine o(-11).
317
Let s(c) = -2*c**2 - 141*c + 2. Determine s(-78).
-1168
Let x(l) = -73*l + 3084. Give x(46).
-274
Let b(w) = 110*w**3 + 37*w - 36. Calculate b(1).
111
Let o(t) = 2*t**3 + 45*t**2 - 26*t - 110. Determine o(-23).
-41
Let i(h) = 372267*h - 1489021. Determine i(4).
47
Let w(g) = 770*g**2 - 709*g - 31. Determine w(1).
30
Let n(u) = -21*u**2 + 2595*u - 1474. Determine n(123).
2
Let h(m) = -809*m**2 + 2421*m + 22. What is h(3)?
4
Let w(l) = -l**2 - 8777*l + 308416. Determine w(35).
-4
Let u(d) = -29600*d + 3078414. Calculate u(104).
14
Let i(o) = -8*o**2 - 177*o + 1361. Give i(-28).
45
Let q(z) = 2188*z**2 - 34995*z + 26. Give q(16).
234
Let x(d) = -2*d**2 + 129*d - 924. What is x(8)?
-20
Let f(y) = -y**3 + 345*y**2 - 11131*y + 2181. Give f(309).
18
Let i(s) = -s**3 - 1571*s**2 - 80426*s + 42489. Give i(-1518).
-15
Let s(f) = -2488*f + 3021. Give s(1).
533
Let a(u) = 75*u**2 - 254*u + 154. Determine a(9).
3943
Let v(d) = 2*d**3 + 27*d**2 - 4*d - 125. Determine v(-14).
-265
Let x(q) = 734*q + 6675. Determine x(-10).
-665
Let b(v) = v**3 + 158*v**2 - 185*v - 3957. What is b(-159)?
177
Let t(z) = -z**2 + 128986*z - 4771120. Give t(37).
-7
Let d(h) = -5*h**2 + 260*h + 35337. What is d(114)?
-3
Let z(y) = -2206*y**2 - 30873*y + 168. Calculate z(-14).
14
Let h(r) = 22*r**2 - 466*r + 1427. Determine h(20).
907
Let d(o) = o**3 - 22*o**2 - 3186*o + 67394. Determine d(21).
47
Let p(s) = 813*s + 164591. Calculate p(-201).
1178
Let o(b) = -965*b - 27030. Determine o(-28).
-10
Let m(h) = -2*h**2 + 19*h + 8954. What is m(73)?
-317
Let q(v) = 2*v**2 + 129*v - 167. Determine q(-65).
-102
Let z(d) = -1131*d - 107206. Calculate z(-94).
-892
Let r(y) = y**3 - 11*y**2 - 54*y - 252. Calculate r(18).
1044
Let m(f) = 474*f**2 - 1903*f - 3. Give m(4).
-31
Let f(a) = -a**3 + 59*a**2 + 50*a - 253. Calculate f(61).
-4645
Let p(s) = 9*s**3 - 31*s**2 - 124*s + 57. Determine p(-5).
-1223
Let q(g) = -719*g + 11451. Give q(16).
-53
Let v(n) = -3*n**3 - 70*n**2 + 754*n + 1199. What is v(-31)?
-72
Let h(l) = -l**3 - 102*l**2 + 8*l + 689. Give h(-102).
-127
Let p(d) = d**3 + 143*d**2 - 343*d - 7685. Determine p(-145).
0
Let v(i) = -3712*i - 868687. Determine v(-234).
-79
Let z(a) = a**3 - 111*a**2 + 1527*a - 327. Give z(15).
978
Let a(m) = -4*m**3 + 988*m**2 - 30387*m + 114. Calculate a(36).
6
Let r(n) = n**3 + 90*n**2 - 483*n - 817. What is r(-95)?
-57
Let y(v) = 145*v + 27379. Calculate y(-184).
699
Let p(u) = -u**3 - 17*u**2 - 23*u - 352. What is p(-16)?
-240
Let s(y) = 31362*y - 313659. Calculate s(10).
-39
Let y(l) = -l**3 - 267*l**2 + 7926*l + 15. Calculate y(27).
-309
Let x(t) = -20*t**3 - 13578*t**2 + 1416*t + 39387. Calculate x(-679).
5
Let y(g) = -23*g**2 + 2774*g + 9669. What is y(124)?
-3
Let d(h) = -2368*h + 470737. Calculate d(199).
-495
Let t(u) = 173*u - 69563. What is t(402)?
-17
Let w(c) = -2*c**3 - 458*c**2 - 5080*